 of -f**6/120 + f**5/10 - f**4/6 - f**3 + 12*f**2. Let y = 46 + -19. What is the remainder when y is divided by c(4)?
7
Let v(i) = -6*i + 15. Let g(h) = h**3 + 5*h**2 + 4*h + 1. Let a be g(-3). Let x be v(a). What is the remainder when -3*3/x*114 is divided by 10?
8
Suppose 7*z - 6 = 10*z. Calculate the remainder when (18 + -12)*(-3)/z is divided by 5.
4
Let q(v) = -v + 65. Let t be 2/3*(-6)/4. Calculate the remainder when q(0) is divided by 0 + t - -1 - -17.
14
Let g(r) = 17*r + 14. Let y be g(7). Let d = y + 4. What is the remainder when d is divided by 23?
22
Let p(n) = n**2 + 24*n + 25. Let u be (10*(-15)/(-12)*-2)/1. What is the remainder when p(u) is divided by 30?
20
Let i = -1379 + 1383. Suppose -42 = -3*m - 3. Suppose m = 3*x - 8. Calculate the remainder when x is divided by i.
3
Let c(q) = -q**3 + 6*q**2 + 5. Let r be c(6). Suppose 0 = -r*p - 1 + 131. What is the remainder when 103 is divided by p?
25
Let w be (-6)/(-5)*(-20)/(-6). Suppose -4*h + w*o = 60, -3*o = 2*o - 15. Let z = 34 + h. Calculate the remainder when z is divided by 8.
6
Suppose 4*x - 292 = -3*a, 0 = -5*a + x - 4*x + 494. What is the remainder when a is divided by 6?
4
Suppose 0*m + 500 = 5*m. Let t(d) = d**2 - 12*d + 21. What is the remainder when m is divided by t(13)?
32
Let x = 270 + -255. What is the remainder when 251 is divided by x?
11
Let h(c) = 80*c**2 + 6*c + 5. Calculate the remainder when h(-1) is divided by 9.
7
Let a = 682 + -579. Calculate the remainder when a is divided by 5.
3
Let g = 319 - 312. Calculate the remainder when 172 is divided by g.
4
Let l(m) = m**3 + 16*m**2 + 14*m - 5. Let j(h) = -h**3 - 3*h**2 + 4*h - 3. Let k be j(2). Calculate the remainder when 39 is divided by l(k).
9
Calculate the remainder when 1089 is divided by (1*6 + 0)*238/68.
18
Suppose 4*f = -4*y + 1284, 73*f - 1581 = 68*f + y. Calculate the remainder when f is divided by 109.
99
Suppose 0*k = 4*k - 60. Let m be 3/((-3)/(-16)) - -4. Let f = 28 - m. What is the remainder when k is divided by f?
7
Suppose -2*j + 648 = 10*j. Suppose -z + 0*z = 5*d - 29, 3*d - 65 = -2*z. What is the remainder when z is divided by (-2)/4*j/(-3)?
7
Calculate the remainder when 173 is divided by 27/6 - 50/(-20).
5
What is the remainder when (-6 + (-144)/(-30))/((-3)/15) is divided by 2?
0
Let u(b) = b**2 - 2*b + 3. Let i = 35 - 30. Suppose i*p = -0*p + 40. Calculate the remainder when p is divided by u(2).
2
Let y = 1135 - 1076. What is the remainder when y is divided by 16?
11
Let r(n) = n**2 - 6*n + 17. Let x be (-1)/2 - 170/(-20). What is the remainder when r(x) is divided by 12?
9
Suppose 0 = -2*w + 5 + 37. Let l = w + 19. Suppose -j = -s - 12, -3*j - 13*s + 40 = -14*s. Calculate the remainder when l is divided by j.
12
Let r = 1794 + -1761. What is the remainder when 85 is divided by r?
19
Suppose 2*b - 25 = -5*r, 5*b - 28 = -3*r + 2*r. Suppose 2*z + 3*s - 67 = 0, -b*s + 2*s = -9. What is the remainder when 114 is divided by z?
27
Suppose 0 = -8*c + 104 + 16. Let j = 0 + 26. Let o = j - c. What is the remainder when 42 is divided by o?
9
Suppose -5*j + 321 = 4*v, 2*j - 330 = -8*v + 4*v. Suppose -7*p = -0*p - 28. Suppose 6*k + p*k - 290 = 0. What is the remainder when v is divided by k?
26
Let s = -1689 - -1730. Let y be 1 - (-3 - -1)/(-2). Suppose 0 = 2*p - 44 - y. What is the remainder when s is divided by p?
19
Suppose -1497 = -4*h - 309. Calculate the remainder when h is divided by 15.
12
Suppose 1178 = 47*r + 426. Calculate the remainder when r is divided by 5.
1
What is the remainder when 122 is divided by (-234)/(-10) - (-12 + 1116/90)?
7
Let g be (2*9/(-12))/(1/(-18)). Let b = g + -5. What is the remainder when b is divided by 12?
10
Suppose -29 = 5*z + 6, -4*z - 64 = -2*t. Suppose -4*i = -2*f + 36, -2*f + i + 56 = 2*i. What is the remainder when f is divided by t?
8
Let l = -44 + 81. What is the remainder when 404 is divided by l?
34
Let j(i) = -i + 18. Let c be j(11). Suppose -5*u + 100 = 5*x, -3*x - c = -10. Calculate the remainder when 65 is divided by u.
8
Let g be ((-24)/9)/((-2)/(-12)). Let a = 26 + g. What is the remainder when (-8 - (8 + -41)) + -6 is divided by a?
9
Suppose n = 2*b, 3*b + 3 = -n + 8*b. Let s(c) = 3 - c**n - 9*c - c + 4*c. Calculate the remainder when 15 is divided by s(-5).
7
Suppose s - 5*g + 23 = 0, -2*s = 3*s + g + 89. What is the remainder when 233 is divided by -2*(585/s + 3*1)?
56
Let n = 13 + -6. What is the remainder when n is divided by 4?
3
Let y(a) = 75 + a**3 + 91 + 78*a - 80*a. What is the remainder when y(0) is divided by 42?
40
Calculate the remainder when 529 is divided by 48 + 15/(-9)*6.
35
Let x(j) = -10*j - 22. Calculate the remainder when 29 is divided by x(-3).
5
Let n(i) = 3*i**2 + 5*i + 12. Let f be n(-9). Suppose f + 72 = 6*j. Calculate the remainder when j is divided by 7.
5
Suppose -5*y + 4*u - 2*u + 11 = 0, -2*y + 3*u = 0. Suppose 3*o + 470 = 1586. Suppose y*z = -z + o. What is the remainder when z is divided by 24?
21
Suppose 2*i = -v + 29, -3*v - i = -28 - 64. What is the remainder when 45 is divided by v?
14
Let d be 1 - (3/3 + 3). Let n = d - 0. What is the remainder when (-2 + 3/n)*-1 is divided by 1?
0
Suppose -8*b - 27*b + 1575 = 0. Let j = -7 + 13. What is the remainder when b is divided by ((-12)/5)/(j/(-20))?
5
Suppose n = 3*n - 16. Calculate the remainder when (n - -2)/(1/(42/4)) is divided by 54.
51
Let n = 93 + -65. Suppose 3*t - n = -t. Calculate the remainder when 2/2 - (1 + -19) is divided by t.
5
Let a(r) = 21*r**2 + 3*r**3 - 3*r + 1 - 10*r**2 - 11*r**2. Let z be a(2). Suppose 4*y + z = 83. Calculate the remainder when 31 is divided by y.
15
Let m(t) be the second derivative of t**3 - 21*t**2/2 + 47*t. Calculate the remainder when 58 is divided by m(6).
13
What is the remainder when ((1 - 2)/1)/(258/(-92106)) is divided by 30?
27
Let q = -26 - -88. Calculate the remainder when 246 is divided by q.
60
Let m(c) = c**3 + 36*c**2 + 43. What is the remainder when 88 is divided by m(-36)?
2
Let b = 136 + -132. Suppose c + s = 111, -b*s - 107 = -c - 7*s. What is the remainder when c is divided by 17?
11
Let n(u) = -3*u - 6. Let f be n(-4). Let k be (-30)/4*(0 - f). Let o = k + -22. Calculate the remainder when o is divided by 12.
11
Let m = 394 + -244. Calculate the remainder when m is divided by 38.
36
Let f = -216 - -286. Calculate the remainder when 414 is divided by f.
64
Let r(h) = -2*h - 6. Let t be r(-5). Suppose -3*f - t*g - 78 = 0, 0 = -2*f + 3*g - 29 - 40. Let y = f + 44. What is the remainder when y is divided by 8?
6
Let k(x) = 51*x + 49. Calculate the remainder when 495 is divided by k(1).
95
Suppose 14*x = -64 + 4320. What is the remainder when x is divided by 100?
4
Let f be (-4)/(((-28)/(-6))/(-7)). Suppose 7*b = f*b + 38. Calculate the remainder when b is divided by 20.
18
Suppose 0 = -3*l + 2*n + 69, 25*n = l + 26*n - 28. What is the remainder when 82 is divided by l?
7
Let q(g) = 9*g**2 - 19*g + 37. What is the remainder when q(8) is divided by 15?
11
Let u = 8 + 3. Let q(b) = -2*b**2 + 11*b - 2. Let a be q(5). Suppose 0 = -5*z + a*g + 151, -2*g = g - 9. Calculate the remainder when z is divided by u.
10
What is the remainder when 4/(4 - 6) - -43 - 1 is divided by 11?
7
Let g(z) = -z - 2. Let c be g(-10). Let u = -162 + 174. Suppose c*p = u*p - 308. Calculate the remainder when p is divided by 20.
17
Suppose 80 = 5*u + 20. What is the remainder when (3 - -43) + 1 - 0 is divided by u?
11
Let g(u) = u**2 - 12*u - 200. What is the remainder when g(-12) is divided by 15?
13
Suppose -3*u + 4*h = -110, -2*u - 35*h = -39*h - 72. What is the remainder when 112 is divided by u?
36
Let v(l) = -3*l**3 + l + 1. Let h be v(-1). Calculate the remainder when 77 is divided by (-2 - (-34)/h)/(3/9).
21
Let b be (-34*(-2)/8)/((-3)/(-6)). Let q(x) = -x**2 + 17*x + 4. Calculate the remainder when 14 is divided by q(b).
2
Calculate the remainder when 48/88 - 301756/(-154) is divided by 9.
7
Suppose u = 4*n - 3*n - 9, 4*n - 16 = -u. Let m be 1 + 8/(1 + 1). Let z = m + n. What is the remainder when 49 is divided by z?
9
Suppose 28 = -m + 3*m. What is the remainder when 80 is divided by m?
10
Let q = 651 - 645. What is the remainder when 62 is divided by q?
2
Let p(f) = -25*f**3 - 2*f**2 - 18*f - 17. What is the remainder